= 81 - 60. Suppose -4*q + 4*z + 16 = 0, 3*q + 3*z + 3 = 9. Calculate the remainder when o is divided by q.
0
Suppose -w + 176 = w. Suppose w = 10*m - 6*m. Suppose -2*j + m = 4. Calculate the remainder when j is divided by 6.
3
Let t be (7 - 8)/((-1)/19). Let y = 17 - t. Calculate the remainder when (21 + 1)/(4 + y) is divided by 4.
3
Let n be (-14 - -13) + 590/(-2). Let i = -72 + 51. What is the remainder when n/(-10) - i/(-35) is divided by 10?
9
Suppose -3*r = -8 - 442. What is the remainder when r is divided by 22?
18
Let a be 3/(-6)*(-17 - -11). Let y = -7 - -25. Suppose 2*t - 2*m = 106, -t - a*m + 47 = -y. What is the remainder when t is divided by 19?
18
Let k(b) = -b**3 + 7*b**2 - 3*b + 62. Calculate the remainder when 170 is divided by k(0).
46
Let o(t) = -7*t + 7. Let n be o(6). Let b = 90 - 112. Let c = b - n. What is the remainder when c is divided by 3?
1
Suppose -2*c - 16 = 22. Let a = c + 56. Let s(r) = 2*r**2 - 23*r + 86. What is the remainder when a is divided by s(6)?
17
Suppose -3*n + 37 + 10 = 2*m, 0 = -4*m - 5*n + 91. Suppose 0 = 4*p - 283 - 9. What is the remainder when p is divided by m?
16
Let b = -69 + 108. Calculate the remainder when 129 is divided by b.
12
Suppose 0 = -4*m - 3*a - 0 + 11, 14 = m - 3*a. Suppose 4*g + 2*f = 3*f + 59, -2*g - m*f = -13. Let n = -11 + g. Calculate the remainder when 3 is divided by n.
0
Suppose -2*n = -5*g + 82, -g - 2*g + 66 = 3*n. What is the remainder when 65 is divided by g?
11
Calculate the remainder when 122 is divided by ((-23)/(-46))/((-2)/(-248)).
60
What is the remainder when 6/18 - 354/(-18) is divided by 7/28 + 86/8?
9
Let i = -276 + 333. What is the remainder when 393 is divided by i?
51
Suppose -11*q = -37 - 29. Suppose 0 = 4*f + 5*o - 3*o + 6, 0 = -4*f - 3*o - 9. Suppose -y = -f*y - 17. Calculate the remainder when y is divided by q.
5
Suppose r - 100 = -5*c + 6*r, 32 = c + 2*r. What is the remainder when 3453 is divided by c?
21
Suppose -v - r + 597 = 0, 0*r = 5*v - 2*r - 2978. What is the remainder when v is divided by 26?
24
Suppose 2*q + 19 - 89 = 0. Suppose -q = -4*m - m. Suppose -d - o + 6 = -12, 18 = d + 5*o. What is the remainder when d is divided by m?
4
Let v = 14 - 4. Let m = 60 - 60. Suppose -l - l - 2*s + 48 = m, -4*l = s - 108. What is the remainder when l is divided by v?
8
Suppose 21*n = 142 + 257. Calculate the remainder when 45 is divided by n.
7
Suppose -4*y + 2*z + 281 + 21 = 0, -4*y = 2*z - 314. What is the remainder when y is divided by 21?
14
Let y(w) = -w**3 + 6*w**2 + 17*w + 6. Let p = 107 - 71. What is the remainder when p is divided by y(8)?
8
Let u = 31 - 17. Let l be 122/u - 4/(-14). Let n = 10 - l. What is the remainder when n is divided by 1?
0
Suppose -24 = -4*k + 12. Suppose -k*m = -10*m + 10. Suppose 0 = b - m - 8. What is the remainder when b is divided by 11?
7
Let a = 3 - -48. Suppose -2*r = -2*v - 0*r - 66, -3*v - 95 = -4*r. Let n = v - -55. Calculate the remainder when a is divided by n.
15
Suppose 0 = -2*u - f - 1398, -3*f - 15 + 3 = 0. Calculate the remainder when 75 is divided by u/(-34) - (14/4 + -2).
18
Suppose 3*d = -d - 16, o - d + 19 = 0. Let k = -11 - o. Let m = -325 - -371. What is the remainder when m is divided by k?
10
Suppose -14*x + 11*x - 4*w = -106, 4*x + w - 163 = 0. What is the remainder when 178 is divided by x?
10
Suppose -1772 - 4086 = -58*f. Suppose t = -k + 2 + 4, t + 5*k - 6 = 0. What is the remainder when f is divided by t?
5
Let g(y) = 5*y - 4. Let t(h) = h**2 + 5*h - 23. Calculate the remainder when t(7) is divided by g(4).
13
Suppose 2*k = 2*u - 30, -2*u + 11 = -k - 24. Suppose u*j = 9*j + 506. What is the remainder when j is divided by 13?
7
Let y = -11 - -18. Calculate the remainder when 41 is divided by y.
6
Let u = 584 - 539. What is the remainder when 312 is divided by u?
42
Suppose 0 = -a + 3*m + 2, -3*m + 5*m = 2*a - 12. Let q(n) = -n**3 + 10*n**2 - 15*n + 15. Calculate the remainder when q(a) is divided by 13.
10
Let x = -2312 + 3121. Calculate the remainder when x is divided by 28.
25
Let j be (20/30)/((-2)/(-9)). Let t(s) = -j*s**2 - 4*s**2 - s**3 + 13*s + 207 - 199. Calculate the remainder when t(-9) is divided by 14.
11
Let t(y) = -9*y + 19 - 2*y - 5 + 12*y. Calculate the remainder when 25 is divided by t(0).
11
Let v(y) = -y**3 + 5*y**2 - y + 2. Suppose -2*f = 4*q - 236, 3*f + 3*q - 30 - 312 = 0. What is the remainder when f is divided by v(4)?
12
Suppose 3*k - 11 = -a, 0*a = -2*a - 2*k + 10. Suppose -4*o = -a + 10. What is the remainder when o/(-14) - (-135)/35 is divided by 4?
0
Let t(p) = 22*p**2. Let f be t(1). Suppose 2*k - f = 4*m + 18, 0 = 4*k + 5*m - 54. Calculate the remainder when k is divided by 8.
0
Suppose 4*a - 379 = 5*p, -a + 4*p = 12 - 93. What is the remainder when 101 is divided by a?
0
Suppose 30 = -19*n + 29*n. Suppose -5*m - 80 = -5*c, -5*m + 11 = n*c - c. Calculate the remainder when 20 is divided by c.
7
Suppose -11 = -4*u + 13. Suppose 5*x = 50 + 60. What is the remainder when x is divided by u?
4
Let x be (4/12)/(2/36). Let n be (0 - (-20)/6)*x. Calculate the remainder when ((-14)/(-8))/(1/n) is divided by 12.
11
Let v(r) = r**2 - 6*r - 5. Let f be v(7). Let k = 21 + f. What is the remainder when 67 is divided by k?
21
Let x(c) = -1 + 2*c - 3*c + 12 + 8*c. Let r(i) = -20*i - 34. Let u(q) = -6*r(q) - 17*x(q). What is the remainder when 46 is divided by u(-5)?
10
Let m(k) = 3*k**2 + 16*k + 23. Calculate the remainder when 52 is divided by m(-5).
16
Calculate the remainder when 3 + 0 + (404 - 23 - 6) is divided by 10.
8
Suppose r = -r - 4*l + 6, 5*r = 2*l + 51. Suppose 0*o - 2*o + 34 = 0. What is the remainder when o is divided by r?
8
Let c(w) = 2*w**2 - 3*w. Let u be c(2). Let x(f) = f**3 - 5*f**2 + 4*f - 2. Let n be x(4). Let k = u - n. What is the remainder when k is divided by 3?
1
Let l be -5*1/(3/(-6)*2). Suppose -2*k + 205 = 3*t, 0*t + 5 = l*t. Calculate the remainder when k is divided by 15.
11
Suppose 1440 = 79*q - 69*q. Calculate the remainder when q is divided by 70.
4
Let t be (1/(-4))/((-22)/88). Calculate the remainder when (t + -7)*(-7)/(42/244) is divided by 41.
39
Let t be 2/(-6) - (-127)/3. Let y = t + -28. Suppose -3*p + 218 = 5*z + 15, 5*z - 196 = 4*p. What is the remainder when z is divided by y?
12
What is the remainder when 267 is divided by ((-7)/(-14))/((-5)/(-50))?
2
Let c(d) be the first derivative of d**3/3 - d**2/2 - 3. Calculate the remainder when c(-6) is divided by 22.
20
Let o(a) = -a**2 - 26*a - 16. Calculate the remainder when o(-20) is divided by 66.
38
Suppose 1217 + 2659 = 34*c. What is the remainder when c is divided by 20?
14
Suppose -a + 1 - 2 = 3*z, z = 5*a + 5. Let x(f) = f**2 - 2*f + 67. What is the remainder when x(z) is divided by 34?
33
Let a be (1 - (-12)/(-8))*(-18)/(-3). Calculate the remainder when 7/14 - (a - 418/4) is divided by 10.
8
Suppose -5*g + 117 = -73. Calculate the remainder when 163 is divided by g.
11
Let a(g) = 29*g**3 + 2*g**2 + g - 2. Suppose o + 0*o + r = 117, 3*o - 3*r = 363. Calculate the remainder when o is divided by a(1).
29
Let h(y) = 12*y**3 - 2*y**2 + 2*y - 1. Let c be 1/(-3 + 26/8). Let d be -3 + (2 - 2) + c. What is the remainder when 30 is divided by h(d)?
8
Suppose -2*s + 0*s + 6 = 0. What is the remainder when s/((2 + 3)/125) is divided by 19?
18
Let q(g) = g + 4. Suppose 0*u = -4*u. Let t be q(u). Suppose 5*b - 2 = -3*l + 3, -5*l - t*b + 30 = 0. What is the remainder when 28 is divided by l?
8
Let l(g) = 39*g**3 + g**2 + g + 1. Suppose 3*z = 2*x - 1, 5*z + 2*x + 7 = -0*x. Let p be l(z). Let v = 59 + p. What is the remainder when v is divided by 6?
3
Let h(w) = w**2 + 5*w - 13. Let o be h(6). Let p = o + -28. Calculate the remainder when p is divided by 9.
7
Let o(b) = 2*b**3 - 2*b**2 + 3*b - 2. Let v be o(2). What is the remainder when v/(-8)*(-58)/3 is divided by 10?
9
Let u = -93 - -195. Suppose 0 = -2*k - j + 83, 2*k - 200 = -3*k - j. Let w = u - k. Calculate the remainder when w is divided by 16.
15
Suppose 0 = 11*u - 10 - 23. Let k(a) = a**3 - 3*a**2 + 3*a + 1. Calculate the remainder when 107 is divided by k(u).
7
Let q = 16 - 13. Suppose -9 = q*r - 87. What is the remainder when 38 is divided by r?
12
Suppose -d = -785 + 611. What is the remainder when d is divided by 86?
2
Let r